



{"id":857,"date":"2023-11-15T22:02:41","date_gmt":"2023-11-15T19:02:41","guid":{"rendered":"https:\/\/turunlennokkiseura.com\/tls\/?page_id=857"},"modified":"2025-03-28T01:20:45","modified_gmt":"2025-03-27T22:20:45","slug":"media","status":"publish","type":"page","link":"https:\/\/turunlennokkiseura.com\/tls\/media\/","title":{"rendered":"Media"},"content":{"rendered":"\n<p><a href=\"https:\/\/turunlennokkiseura.com\/tls\/kuvia\/\" data-type=\"page\" data-id=\"22\">Kuvia ja videoita<\/a><\/p>\n\n\n\n<p><a href=\"https:\/\/turunlennokkiseura.com\/tls\/kuvia-paattisten-paroni-12-8-2023\/\" data-type=\"page\" data-id=\"440\">Paattisten Paroni 12.8.2023<\/a><\/p>\n\n\n\n<p><a href=\"https:\/\/turunlennokkiseura.com\/tls\/kuvia-lennattamaan-avoimien-ovien-paiva-23-9-2023\/\" data-type=\"page\" data-id=\"510\">Lenn\u00e4tt\u00e4m\u00e4\u00e4n avoimien ovien p\u00e4iv\u00e4 23.9.2023<\/a><\/p>\n\n\n\n<p><a href=\"https:\/\/turunlennokkiseura.com\/tls\/kuvia-kesakauden-paattajaiset-30-9-2023\/\" data-type=\"page\" data-id=\"484\">Kes\u00e4kauden p\u00e4\u00e4tt\u00e4j\u00e4iset 30.9.2023<\/a><\/p>\n\n\n\n<p><a href=\"https:\/\/turunlennokkiseura.com\/tls\/media-paattisten-paroni-3-8-2024\/\" data-type=\"page\" data-id=\"1362\">Paattisten Paroni 3.8.2024<\/a><\/p>\n\n\n\n<p><a href=\"https:\/\/turunlennokkiseura.com\/tls\/kuvia-paattisten-kentan-historiaa\/\" data-type=\"page\" data-id=\"438\">Paattisten kent\u00e4n historiaa<\/a><\/p>\n\n\n\n<p><\/p>\n","protected":false},"excerpt":{"rendered":"<p>Kuvia ja videoita Paattisten Paroni 12.8.2023 Lenn\u00e4tt\u00e4m\u00e4\u00e4n avoimien ovien p\u00e4iv\u00e4 23.9.2023 Kes\u00e4kauden p\u00e4\u00e4tt\u00e4j\u00e4iset 30.9.2023 Paattisten Paroni 3.8.2024 Paattisten kent\u00e4n historiaa<\/p>\n","protected":false},"author":1,"featured_media":0,"parent":0,"menu_order":0,"comment_status":"closed","ping_status":"closed","template":"","meta":{"pgc_sgb_lightbox_settings":"","footnotes":""},"class_list":["post-857","page","type-page","status-publish","hentry"],"_links":{"self":[{"href":"https:\/\/turunlennokkiseura.com\/tls\/wp-json\/wp\/v2\/pages\/857","targetHints":{"allow":["GET"]}}],"collection":[{"href":"https:\/\/turunlennokkiseura.com\/tls\/wp-json\/wp\/v2\/pages"}],"about":[{"href":"https:\/\/turunlennokkiseura.com\/tls\/wp-json\/wp\/v2\/types\/page"}],"author":[{"embeddable":true,"href":"https:\/\/turunlennokkiseura.com\/tls\/wp-json\/wp\/v2\/users\/1"}],"replies":[{"embeddable":true,"href":"https:\/\/turunlennokkiseura.com\/tls\/wp-json\/wp\/v2\/comments?post=857"}],"version-history":[{"count":3,"href":"https:\/\/turunlennokkiseura.com\/tls\/wp-json\/wp\/v2\/pages\/857\/revisions"}],"predecessor-version":[{"id":1371,"href":"https:\/\/turunlennokkiseura.com\/tls\/wp-json\/wp\/v2\/pages\/857\/revisions\/1371"}],"wp:attachment":[{"href":"https:\/\/turunlennokkiseura.com\/tls\/wp-json\/wp\/v2\/media?parent=857"}],"curies":[{"name":"wp","href":"https:\/\/api.w.org\/{rel}","templated":true}]}}

<p><a href="https://turunlennokkiseura.com/tls/kuvia/" data-type="page" data-id="22">Kuvia ja videoita</a></p>



<p><a href="https://turunlennokkiseura.com/tls/kuvia-paattisten-paroni-12-8-2023/" data-type="page" data-id="440">Paattisten Paroni 12.8.2023</a></p>



<p><a href="https://turunlennokkiseura.com/tls/kuvia-lennattamaan-avoimien-ovien-paiva-23-9-2023/" data-type="page" data-id="510">Lennättämään avoimien ovien päivä 23.9.2023</a></p>



<p><a href="https://turunlennokkiseura.com/tls/kuvia-kesakauden-paattajaiset-30-9-2023/" data-type="page" data-id="484">Kesäkauden päättäjäiset 30.9.2023</a></p>



<p><a href="https://turunlennokkiseura.com/tls/media-paattisten-paroni-3-8-2024/" data-type="page" data-id="1362">Paattisten Paroni 3.8.2024</a></p>



<p><a href="https://turunlennokkiseura.com/tls/kuvia-paattisten-kentan-historiaa/" data-type="page" data-id="438">Paattisten kentän historiaa</a></p>



<p></p>

<p>Kuvia ja videoita Paattisten Paroni 12.8.2023 Lennättämään avoimien ovien päivä 23.9.2023 Kesäkauden päättäjäiset 30.9.2023 Paattisten Paroni 3.8.2024 Paattisten kentän historiaa</p>
