



{"id":18,"date":"2023-07-08T22:20:38","date_gmt":"2023-07-08T19:20:38","guid":{"rendered":"https:\/\/turunlennokkiseura.com\/tls\/?page_id=18"},"modified":"2026-04-10T20:45:34","modified_gmt":"2026-04-10T17:45:34","slug":"kentta","status":"publish","type":"page","link":"https:\/\/turunlennokkiseura.com\/tls\/kentta\/","title":{"rendered":"Kentt\u00e4 ja S\u00e4\u00e4"},"content":{"rendered":"\n<p>Kentt\u00e4 l\u00f6ytyy osoitteella Sakontie 170, 21330 Turku<\/p>\n\n\n\n\n\n\n<div id=\"huoltoilmoitus\" style=\"display:none;\">Aseta huoltoilmoitus muokkaamalla code snippet &#8221;Huoltoilmoitus&#8221;, ei muutoksia t\u00e4lle sivulle<\/div>\n\n\n\n<p><a href=\"https:\/\/turunlennokkiseura.com\/tls\/paattisten-lennokkikentan-toiminta-ja-turvallisuusohjeet\/\" data-type=\"page\" data-id=\"117\">Paattisten lennokkikent\u00e4n toiminta- ja turvallisuusohjeet<\/a><\/p>\n\n\n\n<p><a href=\"https:\/\/turunlennokkiseura.com\/tls\/latausaseman-kayttoohje\/\" data-type=\"page\" data-id=\"281\">Latausaseman k\u00e4ytt\u00f6ohje<\/a><\/p>\n\n\n\n<div class=\"wp-block-columns is-layout-flex wp-container-core-columns-is-layout-28f84493 wp-block-columns-is-layout-flex\">\n<div class=\"wp-block-column is-layout-flow wp-block-column-is-layout-flow\">\n<figure class=\"wp-block-image size-full is-resized\"><img loading=\"lazy\" decoding=\"async\" width=\"404\" height=\"409\" src=\"https:\/\/turunlennokkiseura.com\/tls\/wp-content\/uploads\/2023\/07\/kartta.jpg\" alt=\"\" class=\"wp-image-37\" style=\"width:540px;height:undefinedpx\" srcset=\"https:\/\/turunlennokkiseura.com\/tls\/wp-content\/uploads\/2023\/07\/kartta.jpg 404w, https:\/\/turunlennokkiseura.com\/tls\/wp-content\/uploads\/2023\/07\/kartta-296x300.jpg 296w\" sizes=\"auto, (max-width: 404px) 100vw, 404px\" \/><\/figure>\n<\/div>\n\n\n\n<div class=\"wp-block-column is-layout-flow wp-block-column-is-layout-flow\">\n<figure class=\"wp-block-image size-full\"><img loading=\"lazy\" decoding=\"async\" width=\"128\" height=\"153\" src=\"https:\/\/turunlennokkiseura.com\/tls\/wp-content\/uploads\/2023\/07\/30.jpg\" alt=\"\" class=\"wp-image-31\"\/><\/figure>\n\n\n\n<p>Muistathan ett\u00e4 Sakontiell\u00e4 on 30 km\/h nopeusrajoitus !<\/p>\n<\/div>\n<\/div>\n\n\n\n<div class=\"wp-block-columns is-layout-flex wp-container-core-columns-is-layout-28f84493 wp-block-columns-is-layout-flex\">\n<div class=\"wp-block-column is-layout-flow wp-block-column-is-layout-flow\">\n<div id=\"w1\" style=\"display:block;\"><figure id=\"saakarttadiv\" class=\"wp-block-image size-large\">\n  <canvas id=\"saakartta\" width=\"540\" height=\"540\" style=\"background-image: url('\/saaasema\/paattinen_kartta.png'); background-size: 100% 100%; background-position: center;\" >Selaimesi ei tue s\u00e4\u00e4kartan n\u00e4ytt\u00e4mist\u00e4.<\/canvas>\n<\/figure><\/div>\n<\/div>\n\n\n\n<div class=\"wp-block-column is-layout-flow wp-block-column-is-layout-flow\">\n<div id=\"w2\" style=\"display:block;\"><p>\nS\u00e4\u00e4tila kent\u00e4ll\u00e4 <span id=\"weathertime\"><\/span><br\/>\nMustat viivat n\u00e4ytt\u00e4v\u00e4t tuulen suunnan viimeisen 15 minuutin ajalta<br\/><br\/>\nTuulen suunta: <span id=\"wind_direction\"><\/span><br\/>\nTuulen nopeus: <span id=\"wind_speed\"><\/span> m\/s<br\/>\nPuuskien nopeus: <span id=\"wind_gust\"><\/span> m\/s<br\/>\nL\u00e4mp\u00f6tila: <span id=\"temperature\"><\/span> \u00b0C<br\/>\nKosteus: <span id=\"humidity\"><\/span> %<br\/>\nIlmanpaine: <span id=\"pressure\"><\/span> hPa<br\/>\nSadem\u00e4\u00e4r\u00e4: <span id=\"rrain\"><\/span> mm<br\/>\nUV index: <span id=\"uvi\"><\/span><br\/>\nAuringon s\u00e4teily: <span id=\"radiation\"><\/span> W\/m2<br\/>\n<\/p><\/div>\n<\/div>\n<\/div>\n\n\n\n<div id=\"huoltoilmoitus_saa\" style=\"display:none;\">\nJ\u00e4rjestelm\u00e4n huolt\u00f6ty\u00f6n vuoksi s\u00e4\u00e4tietoja ei ole saatavilla\n<\/div>\n\n\n\n<div class=\"wp-block-columns is-layout-flex wp-container-core-columns-is-layout-28f84493 wp-block-columns-is-layout-flex\">\n<div class=\"wp-block-column is-layout-flow wp-block-column-is-layout-flow\">\n<div id=\"i1\" style=\"display:block;\"><figure id=\"kenttakuvadiv\" class=\"wp-block-image size-large\">\n  <canvas id=\"kenttakuva\" width=\"540px\" height=\"405px\" onClick=\"window.open('\/kamera\/kuvat\/kuva.jpg','Kent\u00e4n kuva');\" >Selaimesi ei tue kent\u00e4n kuvan n\u00e4ytt\u00e4mist\u00e4.<\/canvas>\n<\/figure><\/div>\n<\/div>\n\n\n\n<div class=\"wp-block-column is-layout-flow wp-block-column-is-layout-flow\">\n<div id=\"i2\" style=\"display:block;\"><p>\nViimeisin kuva kent\u00e4lt\u00e4 <span id=\"imagetime\"><\/span><br\/><br\/>\nAikaa edellisest\u00e4 p\u00e4ivityksest\u00e4 on kulunut <span id=\"imageinterval\"><\/span><br\/>\n<\/p><\/div>\n<\/div>\n<\/div>\n\n\n\n<div id=\"huoltoilmoitus_kuva\" style=\"display:none;\">\nJ\u00e4rjestelm\u00e4n huolt\u00f6ty\u00f6n vuoksi kuva ei ole saatavilla\n<\/div>\n\n\n\n<div class=\"wp-block-columns is-layout-flex wp-container-core-columns-is-layout-28f84493 wp-block-columns-is-layout-flex\">\n<div class=\"wp-block-column is-layout-flow wp-block-column-is-layout-flow\">\n<div id=\"j1\" style=\"display:block;\">\n<figure id=\"akkuhistoriadiv\" class=\"wp-block-image size-large\" style=\"position: relative;\">\n  <canvas id=\"akkuhistoria\" width=\"540\" height=\"300\">Selaimesi ei tue kaavion n\u00e4ytt\u00e4mist\u00e4.<\/canvas>\n<\/figure>\nAkkuj\u00e4nnitteet tunneittain <span id=\"akkuhistoriamints\"><\/span> &#8211; <span id=\"akkuhistoriamaxts\"><\/span><\/div>\n<\/div>\n\n\n\n<div class=\"wp-block-column is-layout-flow wp-block-column-is-layout-flow\">\n<div id=\"j2\" style=\"display:block;\"><p>\nAurinkos\u00e4hk\u00f6t <span id=\"batterytime\"><\/span><br\/>\nAkusto 1: <span id=\"v1\"><\/span> V (6x85Ah, yl\u00e4)<br\/>\nAkusto 2: <span id=\"v2\"><\/span> V (3x100Ah, ala)<br\/>\n<\/p>\n<p>\nS\u00e4\u00e4aseman ulkoyksikk\u00f6:<br\/>\nParisto: <span id=\"battv\"><\/span> V<br\/>\nJ\u00e4nnite: <span id=\"capv\"><\/span> V<br\/>\n<\/p><\/div>\n<\/div>\n<\/div>\n\n\n\n<div id=\"huoltoilmoitus_akku\" style=\"display:none;\">\nJ\u00e4rjestelm\u00e4n huolt\u00f6ty\u00f6n vuoksi j\u00e4nnitetietoja ei ole saatavilla\n<\/div>\n\n\n<script>\/\/ Arvo 0 : normaali\r\n\/\/ Arvo >0: n\u00e4yt\u00e4 huoltoilmoitus kent\u00e4n mittaustiedoille (s\u00e4\u00e4kartta, kuva, j\u00e4nnitteet)\r\nvar huoltoilmoitus_kentta = 0;\r\n<\/script>\n\n\n<script src=\"\/saaasema\/saatiedot.js\"><\/script>\n\n\n<script src=\"\/mittari\/akut.js\"><\/script>\n\n\n<script src=\"https:\/\/cdnjs.cloudflare.com\/ajax\/libs\/Chart.js\/4.4.0\/chart.umd.js\"><\/script>\r\n<script src=\"\/mittari\/historia.js\"><\/script>\n\n\n<script src=\"\/kamera\/kuva.js\"><\/script>\n","protected":false},"excerpt":{"rendered":"<p>Kentt\u00e4 l\u00f6ytyy osoitteella Sakontie 170, 21330 Turku Aseta huoltoilmoitus muokkaamalla code snippet &#8221;Huoltoilmoitus&#8221;, ei muutoksia t\u00e4lle sivulle Paattisten lennokkikent\u00e4n toiminta- ja turvallisuusohjeet Latausaseman k\u00e4ytt\u00f6ohje Muistathan ett\u00e4 Sakontiell\u00e4 on 30 km\/h nopeusrajoitus ! Selaimesi ei tue s\u00e4\u00e4kartan n\u00e4ytt\u00e4mist\u00e4. S\u00e4\u00e4tila kent\u00e4ll\u00e4 Mustat viivat n\u00e4ytt\u00e4v\u00e4t tuulen suunnan viimeisen 15 minuutin ajalta Tuulen suunta: Tuulen nopeus: m\/s Puuskien nopeus: [&hellip;]<\/p>\n","protected":false},"author":1,"featured_media":0,"parent":0,"menu_order":0,"comment_status":"closed","ping_status":"closed","template":"","meta":{"pgc_sgb_lightbox_settings":"","footnotes":""},"class_list":["post-18","page","type-page","status-publish","hentry"],"_links":{"self":[{"href":"https:\/\/turunlennokkiseura.com\/tls\/wp-json\/wp\/v2\/pages\/18","targetHints":{"allow":["GET"]}}],"collection":[{"href":"https:\/\/turunlennokkiseura.com\/tls\/wp-json\/wp\/v2\/pages"}],"about":[{"href":"https:\/\/turunlennokkiseura.com\/tls\/wp-json\/wp\/v2\/types\/page"}],"author":[{"embeddable":true,"href":"https:\/\/turunlennokkiseura.com\/tls\/wp-json\/wp\/v2\/users\/1"}],"replies":[{"embeddable":true,"href":"https:\/\/turunlennokkiseura.com\/tls\/wp-json\/wp\/v2\/comments?post=18"}],"version-history":[{"count":149,"href":"https:\/\/turunlennokkiseura.com\/tls\/wp-json\/wp\/v2\/pages\/18\/revisions"}],"predecessor-version":[{"id":1775,"href":"https:\/\/turunlennokkiseura.com\/tls\/wp-json\/wp\/v2\/pages\/18\/revisions\/1775"}],"wp:attachment":[{"href":"https:\/\/turunlennokkiseura.com\/tls\/wp-json\/wp\/v2\/media?parent=18"}],"curies":[{"name":"wp","href":"https:\/\/api.w.org\/{rel}","templated":true}]}}

Kenttä ja Sää

<p>Kenttä löytyy osoitteella Sakontie 170, 21330 Turku</p>






<div id="huoltoilmoitus" style="display:none;">Aseta huoltoilmoitus muokkaamalla code snippet &#8221;Huoltoilmoitus&#8221;, ei muutoksia tälle sivulle</div>



<p><a href="https://turunlennokkiseura.com/tls/paattisten-lennokkikentan-toiminta-ja-turvallisuusohjeet/" data-type="page" data-id="117">Paattisten lennokkikentän toiminta- ja turvallisuusohjeet</a></p>



<p><a href="https://turunlennokkiseura.com/tls/latausaseman-kayttoohje/" data-type="page" data-id="281">Latausaseman käyttöohje</a></p>



<div class="wp-block-columns is-layout-flex wp-container-core-columns-is-layout-28f84493 wp-block-columns-is-layout-flex">
<div class="wp-block-column is-layout-flow wp-block-column-is-layout-flow">
<figure class="wp-block-image size-full is-resized"><img loading="lazy" decoding="async" width="404" height="409" src="https://turunlennokkiseura.com/tls/wp-content/uploads/2023/07/kartta.jpg" alt="" class="wp-image-37" style="width:540px;height:undefinedpx" srcset="https://turunlennokkiseura.com/tls/wp-content/uploads/2023/07/kartta.jpg 404w, https://turunlennokkiseura.com/tls/wp-content/uploads/2023/07/kartta-296x300.jpg 296w" sizes="auto, (max-width: 404px) 100vw, 404px" /></figure>
</div>



<div class="wp-block-column is-layout-flow wp-block-column-is-layout-flow">
<figure class="wp-block-image size-full"><img loading="lazy" decoding="async" width="128" height="153" src="https://turunlennokkiseura.com/tls/wp-content/uploads/2023/07/30.jpg" alt="" class="wp-image-31"/></figure>



<p>Muistathan että Sakontiellä on 30 km/h nopeusrajoitus !</p>
</div>
</div>



<div class="wp-block-columns is-layout-flex wp-container-core-columns-is-layout-28f84493 wp-block-columns-is-layout-flex">
<div class="wp-block-column is-layout-flow wp-block-column-is-layout-flow">
<div id="w1" style="display:block;"><figure id="saakarttadiv" class="wp-block-image size-large">
  <canvas id="saakartta" width="540" height="540" style="background-image: url('/saaasema/paattinen_kartta.png'); background-size: 100% 100%; background-position: center;" >Selaimesi ei tue sääkartan näyttämistä.</canvas>
</figure></div>
</div>



<div class="wp-block-column is-layout-flow wp-block-column-is-layout-flow">
<div id="w2" style="display:block;"><p>
Säätila kentällä <span id="weathertime"></span><br/>
Mustat viivat näyttävät tuulen suunnan viimeisen 15 minuutin ajalta<br/><br/>
Tuulen suunta: <span id="wind_direction"></span><br/>
Tuulen nopeus: <span id="wind_speed"></span> m/s<br/>
Puuskien nopeus: <span id="wind_gust"></span> m/s<br/>
Lämpötila: <span id="temperature"></span> °C<br/>
Kosteus: <span id="humidity"></span> %<br/>
Ilmanpaine: <span id="pressure"></span> hPa<br/>
Sademäärä: <span id="rrain"></span> mm<br/>
UV index: <span id="uvi"></span><br/>
Auringon säteily: <span id="radiation"></span> W/m2<br/>
</p></div>
</div>
</div>



<div id="huoltoilmoitus_saa" style="display:none;">
Järjestelmän huoltötyön vuoksi säätietoja ei ole saatavilla
</div>



<div class="wp-block-columns is-layout-flex wp-container-core-columns-is-layout-28f84493 wp-block-columns-is-layout-flex">
<div class="wp-block-column is-layout-flow wp-block-column-is-layout-flow">
<div id="i1" style="display:block;"><figure id="kenttakuvadiv" class="wp-block-image size-large">
  <canvas id="kenttakuva" width="540px" height="405px" onClick="window.open('/kamera/kuvat/kuva.jpg','Kentän kuva');" >Selaimesi ei tue kentän kuvan näyttämistä.</canvas>
</figure></div>
</div>



<div class="wp-block-column is-layout-flow wp-block-column-is-layout-flow">
<div id="i2" style="display:block;"><p>
Viimeisin kuva kentältä <span id="imagetime"></span><br/><br/>
Aikaa edellisestä päivityksestä on kulunut <span id="imageinterval"></span><br/>
</p></div>
</div>
</div>



<div id="huoltoilmoitus_kuva" style="display:none;">
Järjestelmän huoltötyön vuoksi kuva ei ole saatavilla
</div>



<div class="wp-block-columns is-layout-flex wp-container-core-columns-is-layout-28f84493 wp-block-columns-is-layout-flex">
<div class="wp-block-column is-layout-flow wp-block-column-is-layout-flow">
<div id="j1" style="display:block;">
<figure id="akkuhistoriadiv" class="wp-block-image size-large" style="position: relative;">
  <canvas id="akkuhistoria" width="540" height="300">Selaimesi ei tue kaavion näyttämistä.</canvas>
</figure>
Akkujännitteet tunneittain <span id="akkuhistoriamints"></span> &#8211; <span id="akkuhistoriamaxts"></span></div>
</div>



<div class="wp-block-column is-layout-flow wp-block-column-is-layout-flow">
<div id="j2" style="display:block;"><p>
Aurinkosähköt <span id="batterytime"></span><br/>
Akusto 1: <span id="v1"></span> V (6x85Ah, ylä)<br/>
Akusto 2: <span id="v2"></span> V (3x100Ah, ala)<br/>
</p>
<p>
Sääaseman ulkoyksikkö:<br/>
Paristo: <span id="battv"></span> V<br/>
Jännite: <span id="capv"></span> V<br/>
</p></div>
</div>
</div>



<div id="huoltoilmoitus_akku" style="display:none;">
Järjestelmän huoltötyön vuoksi jännitetietoja ei ole saatavilla
</div>


<script>// Arvo 0 : normaali
// Arvo >0: näytä huoltoilmoitus kentän mittaustiedoille (sääkartta, kuva, jännitteet)
var huoltoilmoitus_kentta = 0;
</script>


<script src="/saaasema/saatiedot.js"></script>


<script src="/mittari/akut.js"></script>


<script src="https://cdnjs.cloudflare.com/ajax/libs/Chart.js/4.4.0/chart.umd.js"></script>
<script src="/mittari/historia.js"></script>


<script src="/kamera/kuva.js"></script>

<p>Kenttä löytyy osoitteella Sakontie 170, 21330 Turku Aseta huoltoilmoitus muokkaamalla code snippet &#8221;Huoltoilmoitus&#8221;, ei muutoksia tälle sivulle Paattisten lennokkikentän toiminta- ja turvallisuusohjeet Latausaseman käyttöohje Muistathan että Sakontiellä on 30 km/h nopeusrajoitus ! Selaimesi ei tue sääkartan näyttämistä. Säätila kentällä Mustat viivat näyttävät tuulen suunnan viimeisen 15 minuutin ajalta Tuulen suunta: Tuulen nopeus: m/s Puuskien nopeus: [&hellip;]</p>
